st the prime factors of 69048760.
2, 5, 11, 23, 6823
What are the prime factors of 22359578?
2, 11179789
List the prime factors of 14811376.
2, 383, 2417
What are the prime factors of 218005613?
7, 907, 34337
What are the prime factors of 44788513?
7, 11, 52879
List the prime factors of 60679305.
3, 5, 113, 11933
List the prime factors of 586624775.
5, 11, 23, 163, 569
What are the prime factors of 265945295?
5, 7, 11, 8971
What are the prime factors of 6697064934?
2, 3, 7, 173, 3793
List the prime factors of 162311986.
2, 81155993
List the prime factors of 114215788.
2, 547, 52201
What are the prime factors of 1430844615?
3, 5, 10598849
What are the prime factors of 105862324?
2, 26465581
List the prime factors of 7624087975.
5, 7, 43566217
List the prime factors of 47819481.
3, 15939827
What are the prime factors of 207891929?
7, 17, 1746991
What are the prime factors of 70265194?
2, 617, 56941
What are the prime factors of 283750797?
3, 11, 47, 113, 1619
What are the prime factors of 46979109?
3, 17, 109, 313
List the prime factors of 16880249.
2251, 7499
List the prime factors of 57121479.
3, 17, 373343
What are the prime factors of 3260766459?
3, 193, 593, 9497
What are the prime factors of 21894520?
2, 5, 547363
List the prime factors of 1040629374.
2, 3, 59, 619, 1583
List the prime factors of 55069474.
2, 3557, 7741
List the prime factors of 3252024776.
2, 7, 11, 13, 59, 6883
List the prime factors of 227076132.
2, 3, 59, 67, 4787
List the prime factors of 83978907.
3, 31, 29129
List the prime factors of 68005403.
43, 887, 1783
What are the prime factors of 425652807?
3, 29, 113, 1493
What are the prime factors of 1166984544?
2, 3, 11, 523, 2113
List the prime factors of 1130839351.
1130839351
What are the prime factors of 72109387?
7, 59, 174599
List the prime factors of 3659046214.
2, 43, 443, 96043
List the prime factors of 483214957.
1667, 289871
What are the prime factors of 713637080?
2, 5, 13, 1372379
What are the prime factors of 2600761052?
2, 650190263
What are the prime factors of 97645560?
2, 3, 5, 19, 113, 379
List the prime factors of 218172533.
218172533
List the prime factors of 55546749.
3, 809, 2543
What are the prime factors of 17847661?
13, 31, 67, 661
What are the prime factors of 22840617?
3, 7613539
List the prime factors of 72074204.
2, 18018551
List the prime factors of 693278692.
2, 4793, 36161
What are the prime factors of 1285033574?
2, 11, 19, 3074243
List the prime factors of 2872690018.
2, 11, 23, 5677253
List the prime factors of 3169534580.
2, 5, 4591, 34519
What are the prime factors of 3013950801?
3, 1004650267
List the prime factors of 4746558926.
2, 647, 3668129
What are the prime factors of 690118933?
7, 23, 4286453
What are the prime factors of 3309197585?
5, 239, 463, 5981
What are the prime factors of 5395534?
2, 2697767
What are the prime factors of 1642760180?
2, 5, 82138009
List the prime factors of 1096602294.
2, 3, 997, 183317
List the prime factors of 175924562.
2, 11, 23, 31607
What are the prime factors of 1825737182?
2, 59, 15472349
What are the prime factors of 1058161199?
107, 9889357
What are the prime factors of 26219842?
2, 11, 53, 113, 199
What are the prime factors of 24299544?
2, 3, 1012481
List the prime factors of 298343647.
7, 541, 78781
What are the prime factors of 152974662?
2, 3, 19, 1341883
List the prime factors of 325051891.
3511, 92581
List the prime factors of 6461742512.
2, 403858907
List the prime factors of 3251183000.
2, 5, 13, 250091
List the prime factors of 205517227.
205517227
List the prime factors of 73516580.
2, 5, 3675829
What are the prime factors of 5500891392?
2, 3, 7162619
What are the prime factors of 43232016?
2, 3, 109, 8263
What are the prime factors of 86976009?
3, 131, 73771
List the prime factors of 126119506.
2, 293, 373, 577
List the prime factors of 1424471505.
3, 5, 94964767
What are the prime factors of 48812772?
2, 3, 4067731
List the prime factors of 1711830336.
2, 3, 103, 86561
List the prime factors of 288286326.
2, 3, 79, 202733
What are the prime factors of 7257981454?
2, 31, 117064217
List the prime factors of 2692822072.
2, 577, 583367
What are the prime factors of 7190037980?
2, 5, 41, 8768339
List the prime factors of 2237707748.
2, 19, 821, 35863
List the prime factors of 247439840.
2, 5, 1546499
List the prime factors of 92635585.
5, 7, 439, 6029
List the prime factors of 6556338464.
2, 13, 2473, 6373
What are the prime factors of 7096333?
43, 79, 2089
List the prime factors of 4118125078.
2, 2059062539
What are the prime factors of 35108544?
2, 3, 182857
List the prime factors of 1543677223.
11, 23, 157, 3533
What are the prime factors of 2666434474?
2, 11, 121201567
List the prime factors of 112994610.
2, 3, 5, 3766487
List the prime factors of 310448261.
43, 7219727
What are the prime factors of 67428014?
2, 1181, 28547
List the prime factors of 1974893427.
3, 13, 367, 15331
List the prime factors of 1599491.
67, 23873
List the prime factors of 642134658.
2, 3, 11, 884483
What are the prime factors of 9062374?
2, 113, 40099
What are the prime factors of 243557516?
2, 60889379
List the prime factors of 16804176.
2, 3, 350087
What are the prime factors of 724142183?
17, 3877, 10987
What are the prime factors of 3150631?
11, 286421
List the prime factors of 1879729973.
11, 170884543
What are the prime factors of 5363894252?
2, 1340973563
What are the prime factors of 446273625?
3, 5, 7, 149, 163
What are the prime factors of 4560474454?
2, 23, 89, 1113941
What are the prime factors of 412415703?
3, 7, 935183
What are the prime factors of 909420292?
2, 11, 20668643
What are the prime factors of 186215880?
2, 3, 5, 47, 137, 241
List the prime factors of 538902541.
151, 3568891
List the prime factors of 75821260.
2, 5, 3791063
List the prime factors of 83719283.
139, 602297
List the prime factors of 1195564.
2, 257, 1163
List the prime factors of 48079042.
2, 11, 29, 179, 421
List the prime factors of 1801916157.
3, 67, 211, 42487
What are the prime factors of 138647785?
5, 103, 269219
What are the prime factors of 4200190728?
2, 3, 223, 784789
List the prime factors of 150314640.
2, 3, 5, 7, 131, 683
List the prime factors of 755436379.
71, 10639949
List the prime factors of 20970490.
2, 5, 19, 37, 157
What are the prime factors of 83654308?
2, 167, 125231
What are the prime factors of 13658227?
11, 73, 233
List the prime factors of 5382277843.
17, 61, 83, 62533
List the prime factors of 325074824.
2, 23, 521, 3391
List the prime factors of 123764674.
2, 11, 5625667
What are the prime factors of 39884418?
2, 3, 7, 349, 907
What are the prime factors of 512383321?
512383321
List the prime factors of 544106650.
2, 5, 10882133
List the prime factors of 83069133.
3, 7, 3955673
List the prime factors of 3442493634.
2, 3, 67, 1613, 5309
List the prime factors of 216815396.
2, 7, 1106201
What are the prime factors of 939862612?
2, 13, 17, 1063193
What are the prime factors of 252738193?
311, 557, 1459
What are the prime factors of 465069218?
2, 232534609
List the prime factors of 35440369.
109, 541, 601
What are the prime factors of 685875178?
2, 3301, 103889
What are the prime factors of 176898125?
5, 383, 739
List the prime factors of 160068784.
2, 10004299
What are the prime factors of 433174383?
3, 48130487
What are the prime factors of 53742249?
3, 11, 29, 18719
List the prime factors of 3902990781.
3, 17, 29, 89, 149, 199
What are the prime factors of 105184739?
11, 89, 107441
List the prime factors of 175149682.
2, 571, 153371
List the prime factors of 5702581650.
2, 3, 5, 38017211
What are the prime factors of 799278011?
7, 114182573
What are the prime factors of 1584907002?
2, 3, 7, 19, 61, 10853
List the prime factors of 683422350.
2, 3, 5, 13, 73, 4801
List the prime factors of 175807764.
2, 3, 11, 131, 3389
What are the prime factors of 2525100630?
2, 3, 5, 13, 2203, 2939
List the prime factors of 667580435.
5, 29, 769, 5987
List the prime factors of 67197793.
13, 5169061
What are the prime factors of 2366048383?
43, 55024381
List the prime factors of 19301763.
3, 13, 494917
List the prime factors of 1458647595.
3, 5, 251, 4783
List the prime factors of 55391443.
103, 537781
What are the prime factors of 32433456?
2, 3,